Suppose -o - u - m = -5*u, 0 = o + 4*u - 25. What is the units digit of o?
9
Suppose 20 + 0 = 4*c. Suppose 2*a - 4*x - 30 = 0, 6*a - 3*a - c*x - 41 = 0. What is the units digit of a?
7
Let c be 3 + ((-36)/4)/(-1). Let z = c + 1. What is the units digit of z?
3
Suppose -2*s + 11 = 3*b - 1, -5*b = -s - 20. Suppose -12 = 2*h - s. Let t = 0 - h. What is the units digit of t?
6
Let j = 73 + -48. What is the tens digit of j?
2
What is the units digit of (20 - 10)*76/10?
6
Let s be 27/12 + 2/(-8). Let j(o) = o**3 + 7*o**2 + 7*o + 6. Let b be j(-6). Suppose b*f - 10 = -s*f. What is the units digit of f?
5
Suppose -m - 4*g = -29, 4*m = -0*g + 3*g + 78. Suppose -6*j + 4*j + 5*h = -m, -4*j + 2*h = -66. What is the tens digit of j?
1
Let r(x) = -x**3 + 6*x**2 - 4*x - 4. Let h be r(5). Suppose w - h = 1. Suppose -j - 3 = 5*c - w, -j + 8 = -4*c. What is the units digit of j?
4
Let q(p) be the third derivative of -p**5/60 - p**4/2 - 11*p**3/6 - 2*p**2. Let t be q(-8). Suppose 0*y = y - t. What is the tens digit of y?
2
Let w = 52 + -14. What is the units digit of w?
8
Suppose 4*p - 848 = -0*p - 2*n, -4*p + 850 = 3*n. What is the hundreds digit of p?
2
What is the hundreds digit of (-33228)/(-180) + (-4)/(-10)?
1
Let w = -3 - -6. Let x(p) = -1 + 0 - 10*p**w + 2*p + 0*p**3 - 4*p. What is the units digit of x(-1)?
1
Suppose 2*k = -2*k + 276. Let l = k + -36. What is the units digit of l?
3
Let v = -25 + 49. What is the tens digit of v?
2
Suppose 2 = -3*t + 5. Let k be (-2 - -2)/(-1) - t. Let w = 3 - k. What is the units digit of w?
4
What is the tens digit of (-8)/(-6) + -4 + (-1256)/(-12)?
0
Let m(b) = b**2 - 3*b + 8. What is the units digit of m(10)?
8
Let h = -2 - -3. Let n be h/((-6)/21)*2. Let l(t) = -t**3 - 7*t**2 - t. What is the units digit of l(n)?
7
Suppose -36 = c - 110. Suppose -2*j = -c + 6. What is the tens digit of j?
3
What is the tens digit of 5 - (2 + -1) - -66?
7
Let m(x) = 5*x + 20. What is the units digit of m(10)?
0
Let g(h) = 3 - h + 1 - 6. Let x be 4/22 - 340/55. What is the units digit of g(x)?
4
Suppose -6*u + 2*u = -20. Suppose -u*t = -125 - 75. What is the tens digit of t?
4
Suppose -476 = -4*z + 2*z. What is the hundreds digit of z?
2
Let r = 39 + 26. What is the tens digit of r?
6
Let f be 20 + (2/(-2) - -2). Let j = f - -15. What is the tens digit of j?
3
Suppose -2*y + 0 = 24. Let q(h) = h**2 + 10*h - 11. What is the units digit of q(y)?
3
Let t be (4/(-10))/((-1)/15). What is the units digit of (-3 + t + -2)*9?
9
Suppose 0 = 4*a - l - 33, -15 - 6 = -2*a - l. What is the units digit of a?
9
Suppose 2*a - 39 = 1. Suppose -a - 20 = -2*z. What is the tens digit of z?
2
Let o(p) be the third derivative of -p**4/24 - p**3/6 - 2*p**2. Let i be o(2). Let h(w) = -w**3 - 2*w**2 + 2*w - 1. What is the units digit of h(i)?
2
Suppose a = -2*a - 2*f + 186, a = -2*f + 66. What is the tens digit of a?
6
Let r(d) = -d**2 - 5*d - 2. Let v be r(-4). Suppose 3*g + v*g = 5*z - 100, -3*g - 24 = -z. What is the units digit of (-8)/(-6)*z/12?
2
Let n(l) = 2*l**2 + 6*l. Let a be 1/(-1*(-1)/10). Suppose a = 5*t + 30. What is the units digit of n(t)?
8
Let z(q) = q**3 + 12*q**2 - 38*q - 14. What is the units digit of z(-13)?
1
Suppose -19*n + 584 = -15*n. What is the tens digit of n?
4
Suppose i = 10 + 4. Let w = -5 - -6. Let r = i - w. What is the tens digit of r?
1
Let s = 13 + -19. Let q = 8 + s. What is the units digit of q?
2
Let l be 4/8 - (-6)/4. Suppose -3*u - 4*v + 27 = 0, 2*u = -4*v + 16 - l. Suppose -3*r - 3*m + m = -u, 0 = -m - 4. What is the units digit of r?
7
Suppose l - 15 = 5*t, 2*l + 2*l - 14 = -3*t. Suppose 0*q - 120 = -l*q. What is the units digit of q?
4
Let z(u) = 87*u - 3. Let h(s) = 130*s - 5. Let f(x) = 5*h(x) - 8*z(x). What is the units digit of f(-1)?
5
Suppose -4*x - x + 60 = 0. Suppose 0 = -2*m - j + x, 2*m + 4*j = -0*j + 18. What is the units digit of m?
5
Let d(h) = h + 4. Let a be d(-3). Let n be (-6 - 0)/(0 - a). Let x = -3 + n. What is the units digit of x?
3
Suppose 114 = -8*c + 1650. What is the units digit of c?
2
Let s(i) = i**2 - 12*i - 21. What is the tens digit of s(-9)?
6
Let d = -5 - -21. Let j be ((-12)/d)/(2/(-56)). Suppose -3*z = -0*z - j. What is the units digit of z?
7
Suppose 4*b + 5 - 28 = -n, -5*n + 3*b = 0. What is the units digit of n?
3
Suppose 4*f - 218 = -3*z, 0 = -2*f - 5*z - 0*z + 102. Suppose 6*q = 8*q - f. What is the tens digit of q?
2
Let d = -8 - 4. Let g = -3 + -4. Let f = g - d. What is the units digit of f?
5
What is the units digit of (-8)/(-10) - 912/(-60)?
6
Let h = 4 + -5. Let f(x) = -x**2 + x. Let k(s) = -s**3 + 5*s**2 - 4*s - 4. Let w(p) = h*k(p) - 4*f(p). What is the units digit of w(0)?
4
Let x = 65 - 2. What is the tens digit of x?
6
Suppose 2*g + u - 6*u = -51, 0 = 3*g + 5*u + 39. Let y = -1 - g. What is the units digit of y?
7
Suppose -76 = -p + 4*t, 33 = p + t - 58. What is the units digit of p?
8
Suppose 0 = -5*p + 2*q - 243, q - 195 = 4*p - 0*q. Let x = -20 - p. What is the units digit of x?
9
What is the units digit of 11 + -3 + -4 + 4?
8
Suppose 2*k = 510 - 0. What is the hundreds digit of k?
2
Let y(l) be the third derivative of -l**5/60 - 7*l**4/24 - 7*l**3/6 - 2*l**2. Let s be 66/(-14) - (-6)/(-21). What is the units digit of y(s)?
3
Suppose 1 = 2*y - 1. Suppose 1 = p - y. What is the units digit of p?
2
Suppose 3*o = 5*h - 33, -5*o = -o + h + 21. Let u = o + 14. What is the units digit of u?
8
Let i be (-1)/(-5) - 36/30. Let m be (i/3)/(2/(-12)). Suppose 0 = 3*v - 0 - 3, m*n - 17 = 3*v. What is the tens digit of n?
1
Let a = 16 - 10. Let h = a - 3. Suppose h*s + 8*y = 3*y + 16, -5*s + 39 = -4*y. What is the units digit of s?
7
Suppose 3*o - 277 = f, -3*o + 99 = -2*o + 3*f. Let q = -63 + o. Suppose -3*a - 2*a = -q. What is the units digit of a?
6
Let m be -3*(4/(-3) + 0). Suppose g = -j - 4, -j + 5*g - 6 + 26 = 0. Suppose m*n - 1 - 3 = j. What is the units digit of n?
1
Let r be 92/20 - (-6)/(-10). Suppose -5*w + 37 = 2*m - 5*m, r*m + 26 = 2*w. What is the units digit of w?
5
Suppose 2*p - 102 = -5*v - 2, 0 = 2*p - v - 88. What is the units digit of p?
5
Let y = -66 - -38. What is the tens digit of 154/8 - 21/y?
2
Let s = 7 + -4. Suppose -2*y - s*t + 1 = -2*t, 15 = 5*t. What is the tens digit of 4 + y - (-18)/2?
1
Let h(f) = -5*f**3 + 4*f**2 - 1 + 0*f**3 + 2*f + 4*f**3. What is the units digit of h(4)?
7
Let f(j) = 3*j**2 - 2*j - 1. What is the units digit of f(-1)?
4
Let w be (-5)/(45/6)*-3. Suppose -f + 12 = w*p, -f + 8 = 4*p - 14. What is the units digit of f?
2
Suppose -5*q = -3*q - 32. What is the tens digit of q?
1
Suppose 1 + 1 = -t + 2*y, 5*t = 3*y + 4. Let d(m) = -2*m - 14. Let c be d(-18). Suppose -3*b = 5*x - c, t*b + 0*x - 48 = 5*x. What is the units digit of b?
4
Suppose 4*y - 4*o + 348 = 0, -3*y + o - 164 - 99 = 0. Let k = -63 - y. What is the tens digit of k?
2
Let i = -12 - -13. What is the units digit of i/(-4) - 136/(-32)?
4
Suppose -5*l - 4*w = 8, 2*w = -w - 6. Suppose l*k = 2*k - 24. What is the units digit of k?
2
Suppose -449 = -4*t + 2*m - 3*m, -m - 111 = -t. What is the hundreds digit of t?
1
Suppose -4*z + 88 = 4*q, -2*q + 6*q + 12 = 0. What is the units digit of z?
5
Let z(o) = -29*o - 2. Let l be z(-1). Let f = -20 + l. What is the units digit of f?
7
Suppose 18 = 2*x + 4*a, 3*a = -5*x - 0*a + 66. What is the tens digit of x?
1
Let v(y) = -2*y**3 - 2*y**2 + 2*y + 184. What is the units digit of v(0)?
4
Suppose -q + 6 = 2*q. Suppose 0*w + 2 = -w, -3*w + 49 = 5*y. Suppose 0 = -0*p + 3*p - c - y, -c = q*p - 4. What is the units digit of p?
3
Let f = 3 + -6. Let x = f - -6. What is the units digit of x?
3
Let o(h) = 5*h**2 - 6*h - 7. Suppose -5*n = -r + 4*r - 11, -4*r - 12 = 0. What is the tens digit of o(n)?
4
Suppose -4*z + 28 = -3*z. Suppose 3*m = -m + z. Let l = -3 + m. What is the units digit of l?
4
Let i = 6 + -11. Let p(a) = -a**2 - 7*a - 7. Let d be p(i). Suppose -7*g + 3*z = -d*g - 21, -g + 2*z = -4. What is the units digit of g?
6
Suppose -2*w - w + 9 = 0, 4*d - 5*w = -11. Suppose 0*n + d = n. What is the units digit of n?
1
What is the tens digit of 69*(22/6 - 3)?
4
Let v be (-2)/5 + 51/15. Suppose -s - v*s = 0. Suppose s*o = o - 5. What is the units digit of o?
5
Let c = 4 - 1. Let y(z) = 2*z - 2. What is the units digit of y(c)?
4